{"id":51,"date":"2017-10-27T13:04:22","date_gmt":"2017-10-27T13:04:22","guid":{"rendered":"https:\/\/www.gcgsa.ch\/guillet\/?page_id=51"},"modified":"2026-01-20T09:14:55","modified_gmt":"2026-01-20T09:14:55","slug":"contact","status":"publish","type":"page","link":"https:\/\/www.gcgsa.ch\/guillet\/contact\/","title":{"rendered":"Contact"},"content":{"rendered":"<p>Route de la Magne 5<br \/>\n1687 La Magne<\/p>\n<p>T\u00e9l. 026 655 96 66<\/p>\n<p><a href=\"mailto:info@gcgsa.ch\">info@gcgsa.ch<\/a><br \/>\n<a href=\"http:\/\/www.gcgsa.ch\" target=\"_blank\" rel=\"noopener noreferrer\">www.gcgsa.ch<\/a><\/p>\n<p>Du lundi au jeudi<br \/>\n07:00 &#8211; 11:45 \/ 13:15 &#8211; 17:00<\/p>\n<p>vendredi<br \/>\n07:00 &#8211; 11:45 \/ apr\u00e8s-midi ferm\u00e9<\/p>\n<p><strong>FERMETURES ANNUELLES<br \/>\n<\/strong>du 3 ao\u00fbt 2026 au 7 ao\u00fbt 2026<br \/>\ndu 21 d\u00e9cembre 2026 au 1er janvier 2027 inclus<\/p>\n","protected":false},"excerpt":{"rendered":"<p>Route de la Magne 5 1687 La Magne T\u00e9l. 026 655 96 66 info@gcgsa.ch www.gcgsa.ch Du lundi au jeudi 07:00 &#8211; 11:45 \/ 13:15 &#8211; 17:00 vendredi 07:00 &#8211; 11:45 \/ apr\u00e8s-midi ferm\u00e9 FERMETURES ANNUELLES du 3 ao\u00fbt 2026 au 7 ao\u00fbt 2026 du 21 d\u00e9cembre 2026 au 1er janvier 2027 inclus<\/p>\n","protected":false},"author":1,"featured_media":0,"parent":0,"menu_order":0,"comment_status":"closed","ping_status":"closed","template":"page_guillet_contact.php","meta":{"_acf_changed":false,"ngg_post_thumbnail":0,"footnotes":""},"class_list":["post-51","page","type-page","status-publish","hentry"],"acf":[],"_links":{"self":[{"href":"https:\/\/www.gcgsa.ch\/guillet\/wp-json\/wp\/v2\/pages\/51","targetHints":{"allow":["GET"]}}],"collection":[{"href":"https:\/\/www.gcgsa.ch\/guillet\/wp-json\/wp\/v2\/pages"}],"about":[{"href":"https:\/\/www.gcgsa.ch\/guillet\/wp-json\/wp\/v2\/types\/page"}],"author":[{"embeddable":true,"href":"https:\/\/www.gcgsa.ch\/guillet\/wp-json\/wp\/v2\/users\/1"}],"replies":[{"embeddable":true,"href":"https:\/\/www.gcgsa.ch\/guillet\/wp-json\/wp\/v2\/comments?post=51"}],"version-history":[{"count":89,"href":"https:\/\/www.gcgsa.ch\/guillet\/wp-json\/wp\/v2\/pages\/51\/revisions"}],"predecessor-version":[{"id":3476,"href":"https:\/\/www.gcgsa.ch\/guillet\/wp-json\/wp\/v2\/pages\/51\/revisions\/3476"}],"wp:attachment":[{"href":"https:\/\/www.gcgsa.ch\/guillet\/wp-json\/wp\/v2\/media?parent=51"}],"curies":[{"name":"wp","href":"https:\/\/api.w.org\/{rel}","templated":true}]}}